Suppose -68 = 4*x - 28. Let v be (12 + -10)/((-4)/x). Suppose -2*l + r + 763 = 0, -v*l = -l - 5*r - 1541. Is l a prime number?
True
Let s = 58067 + -2320. Is s composite?
True
Let l = -172 + 177. Is -7 + 2 + l + 499 prime?
True
Suppose -11250445 = -417*x + 27773326 + 95409106. Is x a composite number?
True
Let y = 19 - -1. Suppose -16558 = 3*d - y*d. Is (d/(-3))/((-16)/24) a prime number?
True
Let y = 104 - 104. Suppose 3*m - b - 31074 = y, 0 = -2*m - 5*b + 15836 + 4863. Is m composite?
False
Suppose 0 = -d - 8 + 3. Let q be (d - -11) + -7 + 1*268. Is (89 - 87)*(q/(-2))/(-3) a prime number?
True
Suppose 119 - 19 = t. Suppose 69*l = 82*l - 2457. Let k = t + l. Is k composite?
True
Let v = -775 + 816. Suppose 13*y + v*y - 297486 = 0. Is y a composite number?
True
Let u(c) = 5843*c**2 + 6*c + 72. Is u(-5) a composite number?
False
Let i(h) = 29689*h**2 + 14*h + 3. Is i(2) composite?
False
Suppose 76*b - 78998752 = 57328552 - 35864652. Is b a composite number?
True
Suppose 2*w = -d + 245151, 3784 - 3763 = -3*d. Is w prime?
True
Suppose -5*n + 112247 = 4*z, -179*z + 28118 = -178*z - 5*n. Is z prime?
False
Let i = 131339 - -44262. Is i prime?
True
Let u be (30647/38)/(3/222). Let x = -41622 + u. Is x a prime number?
True
Suppose -20*m + 2281176 = -5110004. Is m a prime number?
False
Let o(a) be the second derivative of -81*a**5/10 + a**4/6 - a**3/2 + 5*a**2/2 + 305*a. Is o(-4) prime?
False
Let u(m) = -m**3 - 5*m**2 - 5*m - 24. Let i be u(-5). Is -32 - -2558 - -7*i composite?
True
Is -3 - ((-8896492)/13 - (-1332)/(-2886)) composite?
True
Suppose -3*g = -13*z + 20922914, -30*g = -3*z - 34*g + 4828407. Is z prime?
True
Suppose 36 = -571*c + 569*c. Is (-42)/c + 152620/15 composite?
False
Let x(w) = -4*w + 2*w**2 - w**2 - 6*w - 14*w + 43. Let s be x(22). Is s/((2/(-10084))/(12/24)) a prime number?
True
Let f(b) = 2*b + 38. Let d be f(-17). Let w(i) = i**3 - 5*i**2 + 8*i - 3. Let u be w(d). Is (-2)/u - 210235/(-247) prime?
False
Suppose h + 238 = -33*h. Is 7 - 0 - (h + -31185) composite?
True
Suppose 3*d + 3*l + 81 = 0, -l - 1 - 55 = 2*d. Let v(p) = -295*p**3 - 298*p**3 - 293*p**3 + 14 + 885*p**3 + 14*p - 28*p**2. Is v(d) a composite number?
False
Let r be (-9 + 32)/(5/25). Is (-191925)/(-115) - (-10)/r a prime number?
True
Let n be 654532/5*195/78. Suppose 20*k - n = 87554. Is k a composite number?
True
Suppose 33 = o + l, 0*o - 3*o + 5*l = -115. Let h be (-18)/14 + 10/o. Is (12 + 2)*((-30)/(-4) - h) composite?
True
Let a(x) = 29*x**2 - 168*x + 38. Is a(113) a composite number?
True
Let n be (-4)/(-46) + 2498462/851. Let x = 5269 - n. Is x a composite number?
False
Let w be (12/9)/(3 - 123/45). Suppose 2*h - 5*q - 17623 = 0, w*h + 0*h - 2*q - 44047 = 0. Is h a prime number?
False
Suppose -x - 2*x + 4*l - 153 = 0, -5*l = 3*x + 180. Let h = x - -59. Is (-7122)/h*(1 + (-25)/15) a prime number?
True
Let q = 446045 + -315764. Is q composite?
True
Suppose -148*v + 1824 = -144*v. Suppose 22*i - 3932 = -v. Is i a composite number?
True
Let u be 74/(-3)*39/(-13). Let h = u - 71. Suppose 3*d = 5*c - 4391, -5*c - h*d + 3502 = -c. Is c a composite number?
False
Let t = 13427 + 78440. Is t composite?
False
Suppose -5*u - 2*v = -8, -v + 1 = 15*u - 14*u. Let r = -248 - -862. Suppose -u*w - q = -r + 95, 0 = 4*w - 3*q - 1013. Is w a composite number?
False
Let w(u) = 16*u - 142. Let s be w(10). Is s/(-9) + -5 + 19380 a prime number?
True
Let w be (6/(-4) - 1)*4/(-5). Suppose 0 = -w*s + 16 - 6. Suppose 0*a - 3*j - 2066 = -2*a, -s*a = -2*j - 5187. Is a composite?
False
Let u be 0/(-1)*1/3. Suppose 3*q - 103 - 71 = u. Suppose -7*d + 4167 = q. Is d prime?
True
Suppose 5*t + 2319 = -3*h + 513070, 0 = -2*t - 3*h + 204304. Is t a composite number?
False
Suppose -6857180 = -5*w + 7*a - 4*a, 0 = -w + 11*a + 1371488. Is w a composite number?
True
Suppose -5*s + 0*r = r - 8570, 0 = 5*s - r - 8560. Suppose -11*p = -a - 9*p + s, 2*p = -4*a + 6802. Is a composite?
True
Let x(y) = -160*y - 27. Let k(m) = m**2 + 7*m - 44. Let c be k(-11). Suppose c = -32*n + 29*n - 33. Is x(n) a composite number?
False
Let f(w) = 3491*w**2 + 7*w + 13. Let l(v) = -4*v**3 + 12*v**2 - 2*v + 4. Let r be l(3). Is f(r) composite?
False
Let l(w) = 164*w**2 + 123*w + 674. Is l(139) composite?
True
Suppose -75949662 = -150*f - 9039222 + 1534410. Is f a composite number?
True
Let g(s) be the second derivative of s**3 + 2629*s**2/2 + 41*s. Is g(0) a composite number?
True
Let n(i) = i + 22. Let o be n(-20). Let f be -7*((-6)/42 + o/2). Is -3*4/f*7567/14 a prime number?
False
Let z be (-68)/(-8) + 1/2. Let u(t) = -t**2 - 26*t + 13158. Let a be u(0). Suppose z*s - a - 22383 = 0. Is s a composite number?
True
Let d = -95 + 113. Suppose -20 = -d*v + 13*v. Is (4 - 5)*v/2 - -2721 composite?
False
Let f be 10/(-4) + 21/14 + -1223. Let o = -2437 - f. Let b = o + 1706. Is b composite?
True
Suppose -s = -4*s + 4524. Suppose -x = -2*r + 7*r - 7618, 0 = r - 5*x - s. Is r prime?
True
Suppose -1627*i + 1613*i = -8601586. Is i a prime number?
False
Let f(g) = -g**2 + 20*g + 159. Let j be f(26). Suppose 11033 = 12*p - 11*p - j*k, 2*p + 5*k = 22044. Is p a prime number?
True
Let l(a) = a**3 + 108*a**2 - 215*a - 397. Is l(-107) prime?
True
Let t(z) = 29*z**2 - 38*z + 39. Let v be t(26). Let s = v + -8444. Is s composite?
False
Suppose -29239 - 214912 = -4*r + 876885. Is r prime?
False
Let x be (4 + -3)*-4 - -58. Let b = 52 - x. Is ((-10806)/12)/(b/4) a prime number?
True
Let j(g) = 4*g - 6. Let k be j(5). Suppose -54629 - 13425 = -k*r. Is r a prime number?
True
Let i(t) = 24*t**3 - 30*t**2 - 38*t + 87. Is i(13) a composite number?
False
Let v = -37403 + 157550. Let d = 0 - -2. Is (d/(-6) - -1)/(58/v) prime?
True
Suppose 129142 = 13*f - 789048. Is (8 - f/30)*(-21)/1 a prime number?
False
Let j(x) = 2*x**3 - x + 2. Let f = -27 - -28. Let g be j(f). Suppose -r - 4*r - 3*a = -1103, -4*r - g*a = -880. Is r prime?
True
Suppose -3*w + 3978 = 3*w. Let j = w - 387. Suppose 53 = -s + j. Is s composite?
False
Let h be (-3)/(3 - (-38)/(-7) - -2). Let j be h/(-14) + (-53)/(-2). Is 3/(-9) + j/12*188 composite?
True
Is (-28)/(-8) + (-21033951)/(-106) a composite number?
False
Let q be (-321)/12*14*(-2 - -4). Let d = 2680 + q. Is d a prime number?
True
Let q(p) = 13*p - 10. Let t be q(6). Let j = t - 58. Suppose -13*y + j*y + 5703 = 0. Is y composite?
False
Suppose 116*g - 46548056 + 328668 = 0. Is g a prime number?
False
Suppose 2*g - 4 = -y - g, 3*y = 3*g - 36. Let x be (-3812)/y + (-1)/2. Suppose -z = 1, 0 = -f - 4*z + z + x. Is f prime?
True
Let v(p) = 19*p**3 + 0*p + 137*p**2 - 72*p**2 - 6 - 22*p - 69*p**2. Is v(5) composite?
True
Suppose -28 = c - 28. Suppose c*m - 5*m - 110 = -5*p, m - 30 = -p. Suppose 0 = p*t - 29*t + 879. Is t a composite number?
False
Is (1 - 310804)/(156/(-52)) a prime number?
False
Suppose -10*y + 9860 = 2840. Suppose -y*p = -708*p + 20334. Is p composite?
False
Let s(q) = q**3 - 36*q**2 + 30*q + 29. Let j be s(35). Let v = j + 349. Is v prime?
False
Suppose 27*m - 24 = 23*m. Let q = 8 - m. Suppose 3*y + 2*r - 1223 = 0, -1 = q*r - 3*r. Is y composite?
True
Suppose 0*z + 143 = 13*z. Suppose -6*v = -z*v + 27505. Is v composite?
False
Suppose -5*h + 37897 = 2*r, 0*h - h + 2*r + 7577 = 0. Suppose 0 = 3*c + 10*c - h. Is c composite?
True
Let a(m) = 180*m + 395665. Is a(0) composite?
True
Suppose -6 = c - 9. Suppose c*s + 8*s = 18733. Is s composite?
True
Suppose -4*s = -4*g + 1673260, -60 + 30 = -5*s. Is g a prime number?
True
Is 14/(84/(-104326))*-3 prime?
True
Is (-2 - (-15 - -10)) + (-51746)/(-1) a composite number?
False
Let u(p) = -27*p + 31. Let y(t) = -t. Let s(k) = -u(k) + y(k). Let i(j) = -j**2 - 14*j + 24. Let n be i(-15). Is s(n) prime?
False
Let b(h) be the first derivative of 1327*h**2 + 65*h - 17. Is b(3) a prime number?
False
Let r = -712908 + 1231550. Is r a composite number?
True
Suppose 3*u - 1499 - 1927 = 0. Let w be u/6 - (-26)/39. Suppose -6*x + 571 + w = 0. Is x composite?
False
Suppose 5*t = -27 + 47. Suppose t*u + 3 = 23. Is ((-269)/(-1))/(u + 42/(-9)) composite?
True
Suppose -4*p = -2*v + 798006, -4*v - 9*p = -7*p - 1595962. Is v a prime number?
False
Let r(h) be the second derivative of 215*h**4/12 + 11*h**3/2 - 193*h**2/2 + 134*h. Is r(12) composite?
True
Let i(x) = -1 - 61*x**3 + x**2 - 113*